mon divisor of 45 and 6786.
9
Calculate the highest common divisor of 8797 and 6764.
19
What is the highest common divisor of 521295 and 69?
69
Calculate the greatest common factor of 4 and 1927668.
4
What is the greatest common divisor of 127 and 173863?
127
What is the highest common divisor of 312 and 168?
24
What is the greatest common divisor of 15 and 605355?
15
What is the highest common divisor of 4986 and 390?
6
Calculate the greatest common divisor of 19761 and 5943.
21
Calculate the greatest common divisor of 527 and 423.
1
Calculate the greatest common factor of 239666 and 14469.
371
Calculate the greatest common divisor of 1214534 and 526.
526
Calculate the greatest common factor of 86846 and 502.
502
Calculate the greatest common factor of 346693 and 781.
71
Calculate the greatest common factor of 351387 and 9.
9
What is the highest common divisor of 257923 and 97?
97
Calculate the greatest common divisor of 4429 and 559.
43
Calculate the highest common divisor of 49 and 3543337.
49
Calculate the highest common factor of 80246 and 4.
2
What is the greatest common factor of 6399270 and 6?
6
Calculate the greatest common factor of 1631 and 511.
7
Calculate the highest common factor of 6387213 and 42.
21
Calculate the greatest common factor of 20 and 10410.
10
Calculate the highest common divisor of 520 and 300170.
130
Calculate the highest common divisor of 955 and 75.
5
What is the highest common divisor of 314783 and 4246?
193
What is the greatest common divisor of 2945808 and 288?
144
Calculate the highest common divisor of 42984 and 2376.
216
Calculate the highest common divisor of 1444 and 494.
38
Calculate the highest common factor of 32628 and 30.
6
Calculate the highest common divisor of 370 and 6299990.
370
Calculate the highest common factor of 2306 and 8539118.
2306
What is the greatest common factor of 8945 and 995?
5
Calculate the greatest common divisor of 30752 and 589.
31
What is the highest common divisor of 32 and 143096?
8
What is the greatest common divisor of 384 and 49792?
128
Calculate the highest common factor of 195814 and 38.
38
Calculate the highest common factor of 1079655 and 14223.
1293
What is the greatest common factor of 26 and 179374?
26
What is the highest common divisor of 3058 and 902?
22
What is the greatest common factor of 79216 and 32?
16
What is the greatest common factor of 8450 and 192322?
338
What is the highest common divisor of 290 and 7366?
58
What is the greatest common factor of 34276 and 76?
76
Calculate the greatest common factor of 1767 and 16182.
93
What is the greatest common factor of 1551 and 10407?
3
Calculate the highest common divisor of 11036 and 8188.
356
Calculate the highest common divisor of 544 and 2482.
34
Calculate the highest common factor of 535070 and 30.
10
Calculate the greatest common factor of 1824 and 3800.
152
Calculate the highest common divisor of 125748 and 24.
12
Calculate the highest common divisor of 161 and 30245.
23
Calculate the greatest common divisor of 15934 and 20817.
257
What is the greatest common divisor of 178282 and 13?
13
What is the highest common divisor of 656 and 1716752?
656
What is the greatest common factor of 425 and 307615?
85
Calculate the greatest common factor of 280390 and 88.
22
What is the greatest common divisor of 44764 and 18050?
722
Calculate the greatest common divisor of 2226 and 504.
42
What is the greatest common divisor of 46219 and 2?
1
What is the greatest common divisor of 6 and 5622?
6
Calculate the greatest common divisor of 866885 and 562.
281
Calculate the greatest common divisor of 550 and 9911.
11
Calculate the greatest common factor of 2178 and 16940.
242
What is the greatest common divisor of 64100 and 2900?
100
What is the highest common factor of 42521 and 101?
101
Calculate the highest common factor of 2324 and 28.
28
What is the greatest common divisor of 8 and 230536?
8
What is the highest common factor of 8410 and 3770?
290
Calculate the highest common factor of 88 and 3943368.
88
Calculate the greatest common factor of 405464 and 64.
8
What is the highest common divisor of 14 and 8617?
7
What is the greatest common divisor of 16 and 389?
1
What is the highest common factor of 30 and 14754?
6
Calculate the highest common factor of 20678 and 266.
14
Calculate the highest common divisor of 4645 and 585.
5
What is the highest common factor of 2625 and 34515?
15
What is the greatest common divisor of 40906 and 2260?
226
What is the highest common factor of 6217137 and 9?
9
What is the highest common divisor of 58705 and 944?
59
Calculate the greatest common factor of 116 and 40124.
4
What is the greatest common divisor of 22474 and 102?
34
What is the highest common factor of 508674 and 204?
102
What is the greatest common factor of 21 and 1349474?
7
Calculate the greatest common divisor of 356454 and 9184.
574
Calculate the highest common factor of 6000 and 48.
48
Calculate the highest common divisor of 66906 and 486.
162
Calculate the greatest common factor of 4009 and 43255.
211
Calculate the greatest common divisor of 1531560 and 204.
12
What is the greatest common factor of 74 and 1778701?
37
What is the highest common factor of 27040 and 2560?
160
What is the greatest common factor of 3904 and 611464?
488
Calculate the highest common factor of 298898 and 1194.
398
What is the highest common factor of 126426 and 228?
114
Calculate the greatest common factor of 63714 and 6.
6
What is the highest common factor of 22632 and 1640?
328
What is the greatest common factor of 2333 and 6?
1
What is the highest common divisor of 9 and 5427468?
9
Calculate the highest common divisor of 1330 and 805.
35
What is the greatest common divisor of 1457400 and 1470?
210
What is the greatest common divisor of 713 and 13133?
23
Calculate the greatest common divisor of 354 and 70977.
177
What is the highest common factor of 901 and 97043?
53
Calculate the greatest common divisor of 1010590 and 20.
10
Calculate the highest common divisor of 1158 and 4086.
6
Calculate the greatest common divisor of 900 and 930.
30
What is the highest common factor of 48 and 1372?
4
Calculate the greatest common divisor of 8463 and 3003.
273
What is the greatest common divisor of 160956 and 54?
18
What is the highest common divisor of 6762 and 16077?
69
Calculate the highest common divisor of 74130 and 35.
35
What is the highest common divisor of 1307136 and 5152?
736
What is the highest common divisor of 7430 and 125?
5
Calculate the highest common divisor of 36056 and 3784.
8
What is the greatest common divisor of 297 and 8585973?
297
What is the highest common factor of 90 and 249336?
18
Calculate the highest common factor of 16 and 81520.
16
Calculate the highest common factor of 33 and 4272.
3
Calculate the highest common factor of 864 and 1323.
27
Calculate the greatest common factor of 2732 and 1304.
4
What is the greatest common factor of 10205 and 7605?
65
What is the highest common factor of 401 and 387?
1
What is the highest common factor of 17 and 3850194?
17
What is the highest common divisor of 48092 and 176?
44
Calculate the greatest common divisor of 120509 and 74.
37
What is the greatest common factor of 6444 and 51?
3
What is the greatest common factor of 21083 and 116?
29
Calculate the highest common divisor of 52 and 1061398.
26
What is the greatest common factor of 6 and 7986?
6
What is the greatest common factor of 35066 and 3738?
178
What is the highest common divisor of 8692 and 246?
82
Calculate the greatest common factor of 62 and 187178.
62
Calculate the highest common divisor of 1072 and 432.
16
Calculate the greatest common divisor of 1475378 and 502.
502
Calculate the greatest common divisor of 2446875 and 203.
29
Calculate the greatest common divisor of 61 and 57.
1
Calculate the greatest common divisor of 2 and 74402.
2
Calculate the greatest common factor of 25780 and 20.
20
Calculate the greatest common divisor of 156 and 12262692.
156
What is the highest common factor of 276224 and 512?
256
What is the greatest common factor of 795 and 63865?
265
Calculate the highest common factor of 5510 and 2410.
10
Calculate the highest common divisor of 175 and 11522.
7
What is the greatest common factor of 11